{"id":148,"date":"2023-06-11T21:40:13","date_gmt":"2023-06-11T19:40:13","guid":{"rendered":"http:\/\/feldbahn-riedlhuette.de\/fwr\/?page_id=148"},"modified":"2023-08-27T11:11:49","modified_gmt":"2023-08-27T09:11:49","slug":"jung-el-105","status":"publish","type":"page","link":"http:\/\/feldbahn-riedlhuette.de\/fwr\/jung-el-105\/","title":{"rendered":"Jung EL 105"},"content":{"rendered":"\n<p><strong>Lok Nr. 3 ist betriebsbereit.<\/strong><\/p>\n\n\n\n<div class=\"wp-block-columns is-layout-flex wp-container-core-columns-is-layout-9d6595d7 wp-block-columns-is-layout-flex\">\n<div class=\"wp-block-column is-layout-flow wp-block-column-is-layout-flow\" style=\"flex-basis:100%\"><style>.wp-block-kadence-advancedgallery .kb-gallery-type-masonry.kb-gallery-id-148_f56824-6c{margin:-0px;}.kb-gallery-type-masonry.kb-gallery-id-148_f56824-6c .kadence-blocks-gallery-item{padding:0px;}.kb-gallery-id-148_f56824-6c .kadence-blocks-gallery-item .kb-gal-image-radius, .kb-gallery-id-148_f56824-6c .kb-slide-item .kb-gal-image-radius img{border-radius:0px 0px 0px 0px;;}<\/style><div class=\"kb-gallery-wrap-id-148_f56824-6c alignnone wp-block-kadence-advancedgallery\"><ul class=\"kb-gallery-ul kb-gallery-non-static kb-gallery-type-masonry kb-masonry-init kb-gallery-id-148_f56824-6c kb-gallery-caption-style-bottom-hover kb-gallery-filter-none kb-gallery-magnific-init\" data-image-filter=\"none\" data-item-selector=\".kadence-blocks-gallery-item\" data-lightbox-caption=\"false\" data-columns-xxl=\"1\" data-columns-xl=\"1\" data-columns-md=\"1\" data-columns-sm=\"1\" data-columns-xs=\"1\" data-columns-ss=\"1\"><li class=\"kadence-blocks-gallery-item\"><div class=\"kadence-blocks-gallery-item-inner\"><figure class=\"kb-gallery-figure kb-gallery-item-has-link kadence-blocks-gallery-item-hide-caption\"><a href=\"http:\/\/feldbahn-riedlhuette.de\/fwr\/wp-content\/uploads\/loks\/el105\/3_el105.jpg\" class=\"kb-gallery-item-link\"   role=\"button\" aria-haspopup=\"dialog\"><div class=\"kb-gal-image-radius\" style=\"max-width:2000px;\"><div class=\"kb-gallery-image-contain kadence-blocks-gallery-intrinsic\" style=\"padding-bottom:74%;\"><img loading=\"lazy\" decoding=\"async\" src=\"http:\/\/feldbahn-riedlhuette.de\/fwr\/wp-content\/uploads\/loks\/el105\/3_el105.jpg\" width=\"2000\" height=\"1498\" alt=\"\" data-full-image=\"http:\/\/feldbahn-riedlhuette.de\/fwr\/wp-content\/uploads\/loks\/el105\/3_el105.jpg\" data-light-image=\"http:\/\/feldbahn-riedlhuette.de\/fwr\/wp-content\/uploads\/loks\/el105\/3_el105.jpg\" data-id=\"142\" class=\"wp-image-142\" srcset=\"http:\/\/feldbahn-riedlhuette.de\/fwr\/wp-content\/uploads\/loks\/el105\/3_el105.jpg 2000w, http:\/\/feldbahn-riedlhuette.de\/fwr\/wp-content\/uploads\/loks\/el105\/3_el105-300x225.jpg 300w, http:\/\/feldbahn-riedlhuette.de\/fwr\/wp-content\/uploads\/loks\/el105\/3_el105-1024x767.jpg 1024w, http:\/\/feldbahn-riedlhuette.de\/fwr\/wp-content\/uploads\/loks\/el105\/3_el105-768x575.jpg 768w, http:\/\/feldbahn-riedlhuette.de\/fwr\/wp-content\/uploads\/loks\/el105\/3_el105-1536x1150.jpg 1536w\" sizes=\"auto, (max-width: 2000px) 100vw, 2000px\" \/><\/div><\/div><\/a><\/figure><\/div><\/li><\/ul><\/div><\/div>\n<\/div>\n\n\n\n<p><\/p>\n\n\n\n<p class=\"has-medium-font-size\"><strong>Technische Daten<\/strong><\/p>\n\n\n\n<table id=\"tablepress-3\" class=\"tablepress tablepress-id-3\">\n<tbody class=\"row-striping row-hover\">\n<tr class=\"row-1\">\n\t<td class=\"column-1\">Hersteller<\/td><td class=\"column-2\">Jung<\/td>\n<\/tr>\n<tr class=\"row-2\">\n\t<td class=\"column-1\">Typ<\/td><td class=\"column-2\">EL 105<\/td>\n<\/tr>\n<tr class=\"row-3\">\n\t<td class=\"column-1\">Fabrik-Nr.<\/td><td class=\"column-2\">6160<\/td>\n<\/tr>\n<tr class=\"row-4\">\n\t<td class=\"column-1\">Baujahr<\/td><td class=\"column-2\">1935<\/td>\n<\/tr>\n<tr class=\"row-5\">\n\t<td class=\"column-1\">Gewicht<\/td><td class=\"column-2\">2,4 Tonnen<\/td>\n<\/tr>\n<tr class=\"row-6\">\n\t<td class=\"column-1\">L\u00e4nge \u00fc. P.<\/td><td class=\"column-2\">2655 mm<\/td>\n<\/tr>\n<tr class=\"row-7\">\n\t<td class=\"column-1\">Zugkraft<\/td><td class=\"column-2\">0,6 Tonnen<\/td>\n<\/tr>\n<tr class=\"row-8\">\n\t<td class=\"column-1\">Fahrgeschwindigkeit<\/td><td class=\"column-2\">4 &#8211; 8,1 km\/h<\/td>\n<\/tr>\n<tr class=\"row-9\">\n\t<td class=\"column-1\">Bremse<\/td><td class=\"column-2\">Hand \/ mechanisch<\/td>\n<\/tr>\n<tr class=\"row-10\">\n\t<td class=\"column-1\">Antrieb<\/td><td class=\"column-2\">Kette<\/td>\n<\/tr>\n<tr class=\"row-11\">\n\t<td class=\"column-1\">Motor<\/td><td class=\"column-2\">Deutz MAH 714<\/td>\n<\/tr>\n<tr class=\"row-12\">\n\t<td class=\"column-1\">Leistung<\/td><td class=\"column-2\">7 PS<\/td>\n<\/tr>\n<tr class=\"row-13\">\n\t<td class=\"column-1\">Anlasser<\/td><td class=\"column-2\">Manuell mit Kurbel<\/td>\n<\/tr>\n<tr class=\"row-14\">\n\t<td class=\"column-1\">Elektrik<\/td><td class=\"column-2\">Keine<\/td>\n<\/tr>\n<\/tbody>\n<\/table>\n<!-- #tablepress-3 from cache -->\n\n\n<p class=\"has-medium-font-size\"><strong>Geschichte<\/strong><\/p>\n\n\n\n<p>23.07.1935 Walter Wei\u00df, M\u00fcnchen<br>Torfwerk Patzer KG, Waldenburg &#8211; Reichermoos<br>1984 IG Deutsche Feld- u. Waldbahn, F\u00fcrstenfeldbruck<br>1987 Feldbahn Fr\u00e4nking<br>2004 Feld- u. Waldbahn Riedlh\u00fctte<\/p>\n\n\n\n<p>Diese Lok ist am l\u00e4ngsten bei uns, sie ist auch die \u00e4lteste Maschine. Die Lok hat keinen Originalmotor mehr. Von einem der Vorbesitzer wurde ein Deutz MAH 714 (Diesel-Station\u00e4rmotor) eingebaut.<\/p>\n\n\n\n<p class=\"has-medium-font-size\"><strong>Eigent\u00fcmer<\/strong><\/p>\n\n\n\n<p>Privatbesitz Hans Spie\u00df<\/p>\n\n\n\n<p class=\"has-medium-font-size\"><strong>Weitere Fotos<\/strong><\/p>\n\n\n<style>.wp-block-kadence-advancedgallery .kb-gallery-type-grid.kb-gallery-id-148_efde78-bc{margin:-5px;}.kb-gallery-type-grid.kb-gallery-id-148_efde78-bc .kadence-blocks-gallery-item{padding:5px;}.kb-gallery-id-148_efde78-bc .kadence-blocks-gallery-item .kb-gal-image-radius, .kb-gallery-id-148_efde78-bc .kb-slide-item .kb-gal-image-radius img{border-radius:0px 0px 0px 0px;;}.kb-gallery-caption-style-bottom.kb-gallery-id-148_efde78-bc .kadence-blocks-gallery-item .kadence-blocks-gallery-item-inner .kadence-blocks-gallery-item__caption, .kb-gallery-caption-style-bottom-hover.kb-gallery-id-148_efde78-bc .kadence-blocks-gallery-item .kadence-blocks-gallery-item-inner .kadence-blocks-gallery-item__caption{background:linear-gradient(0deg, rgba(0, 0, 0, 0.8) 0, rgba(0, 0, 0, 0) 100%);}<\/style><div class=\"kb-gallery-wrap-id-148_efde78-bc alignnone wp-block-kadence-advancedgallery\"><ul class=\"kb-gallery-ul kb-gallery-non-static kb-gallery-type-grid kb-gallery-id-148_efde78-bc kb-gallery-caption-style-bottom-hover kb-gallery-filter-none kb-gallery-magnific-init\" data-image-filter=\"none\" data-item-selector=\".kadence-blocks-gallery-item\" data-lightbox-caption=\"true\" data-columns-xxl=\"2\" data-columns-xl=\"2\" data-columns-md=\"2\" data-columns-sm=\"2\" data-columns-xs=\"1\" data-columns-ss=\"1\"><li class=\"kadence-blocks-gallery-item\"><div class=\"kadence-blocks-gallery-item-inner\"><figure class=\"kb-gallery-figure kb-gallery-item-has-link kadence-blocks-gallery-item-has-caption\"><a href=\"http:\/\/feldbahn-riedlhuette.de\/fwr\/wp-content\/uploads\/loks\/el105\/2_torfwerk_patzer.jpg\" data-description=\"Die EL 105 im Torfwerk Patzer\" class=\"kb-gallery-item-link\"   role=\"button\" aria-haspopup=\"dialog\"><div class=\"kb-gal-image-radius\"><div class=\"kb-gallery-image-contain kadence-blocks-gallery-intrinsic kb-gallery-image-ratio-land32 kb-has-image-ratio-land32\" ><img loading=\"lazy\" decoding=\"async\" src=\"http:\/\/feldbahn-riedlhuette.de\/fwr\/wp-content\/uploads\/loks\/el105\/2_torfwerk_patzer.jpg\" width=\"700\" height=\"636\" alt=\"\" data-full-image=\"http:\/\/feldbahn-riedlhuette.de\/fwr\/wp-content\/uploads\/loks\/el105\/2_torfwerk_patzer.jpg\" data-light-image=\"http:\/\/feldbahn-riedlhuette.de\/fwr\/wp-content\/uploads\/loks\/el105\/2_torfwerk_patzer.jpg\" data-id=\"263\" class=\"wp-image-263\" srcset=\"http:\/\/feldbahn-riedlhuette.de\/fwr\/wp-content\/uploads\/loks\/el105\/2_torfwerk_patzer.jpg 700w, http:\/\/feldbahn-riedlhuette.de\/fwr\/wp-content\/uploads\/loks\/el105\/2_torfwerk_patzer-300x273.jpg 300w\" sizes=\"auto, (max-width: 700px) 100vw, 700px\" \/><\/div><div class=\"kadence-blocks-gallery-item__caption\">Die EL 105 im Torfwerk Patzer<\/div><\/div><\/a><\/figure><\/div><\/li><li class=\"kadence-blocks-gallery-item\"><div class=\"kadence-blocks-gallery-item-inner\"><figure class=\"kb-gallery-figure kb-gallery-item-has-link kadence-blocks-gallery-item-has-caption\"><a href=\"http:\/\/feldbahn-riedlhuette.de\/fwr\/wp-content\/uploads\/loks\/el105\/3_veranstaltung_ffb.jpg\" data-description=\"Sp\u00e4ter beim Feldbahnverein F\u00fcrstenfeldbruck\" class=\"kb-gallery-item-link\"   role=\"button\" aria-haspopup=\"dialog\"><div class=\"kb-gal-image-radius\"><div class=\"kb-gallery-image-contain kadence-blocks-gallery-intrinsic kb-gallery-image-ratio-land32 kb-has-image-ratio-land32\" ><img loading=\"lazy\" decoding=\"async\" src=\"http:\/\/feldbahn-riedlhuette.de\/fwr\/wp-content\/uploads\/loks\/el105\/3_veranstaltung_ffb.jpg\" width=\"700\" height=\"517\" alt=\"\" data-full-image=\"http:\/\/feldbahn-riedlhuette.de\/fwr\/wp-content\/uploads\/loks\/el105\/3_veranstaltung_ffb.jpg\" data-light-image=\"http:\/\/feldbahn-riedlhuette.de\/fwr\/wp-content\/uploads\/loks\/el105\/3_veranstaltung_ffb.jpg\" data-id=\"264\" class=\"wp-image-264\" srcset=\"http:\/\/feldbahn-riedlhuette.de\/fwr\/wp-content\/uploads\/loks\/el105\/3_veranstaltung_ffb.jpg 700w, http:\/\/feldbahn-riedlhuette.de\/fwr\/wp-content\/uploads\/loks\/el105\/3_veranstaltung_ffb-300x222.jpg 300w\" sizes=\"auto, (max-width: 700px) 100vw, 700px\" \/><\/div><div class=\"kadence-blocks-gallery-item__caption\">Sp\u00e4ter beim Feldbahnverein F\u00fcrstenfeldbruck<\/div><\/div><\/a><\/figure><\/div><\/li><li class=\"kadence-blocks-gallery-item\"><div class=\"kadence-blocks-gallery-item-inner\"><figure class=\"kb-gallery-figure kb-gallery-item-has-link kadence-blocks-gallery-item-has-caption\"><a href=\"http:\/\/feldbahn-riedlhuette.de\/fwr\/wp-content\/uploads\/loks\/el105\/4_motor.jpeg\" data-description=\"Der Motor der Lok\" class=\"kb-gallery-item-link\"   role=\"button\" aria-haspopup=\"dialog\"><div class=\"kb-gal-image-radius\"><div class=\"kb-gallery-image-contain kadence-blocks-gallery-intrinsic kb-gallery-image-ratio-land32 kb-has-image-ratio-land32\" ><img loading=\"lazy\" decoding=\"async\" src=\"http:\/\/feldbahn-riedlhuette.de\/fwr\/wp-content\/uploads\/loks\/el105\/4_motor.jpeg\" width=\"700\" height=\"525\" alt=\"\" data-full-image=\"http:\/\/feldbahn-riedlhuette.de\/fwr\/wp-content\/uploads\/loks\/el105\/4_motor.jpeg\" data-light-image=\"http:\/\/feldbahn-riedlhuette.de\/fwr\/wp-content\/uploads\/loks\/el105\/4_motor.jpeg\" data-id=\"265\" class=\"wp-image-265\" srcset=\"http:\/\/feldbahn-riedlhuette.de\/fwr\/wp-content\/uploads\/loks\/el105\/4_motor.jpeg 700w, http:\/\/feldbahn-riedlhuette.de\/fwr\/wp-content\/uploads\/loks\/el105\/4_motor-300x225.jpeg 300w\" sizes=\"auto, (max-width: 700px) 100vw, 700px\" \/><\/div><div class=\"kadence-blocks-gallery-item__caption\">Der Motor der Lok<\/div><\/div><\/a><\/figure><\/div><\/li><li class=\"kadence-blocks-gallery-item\"><div class=\"kadence-blocks-gallery-item-inner\"><figure class=\"kb-gallery-figure kb-gallery-item-has-link kadence-blocks-gallery-item-has-caption\"><a href=\"http:\/\/feldbahn-riedlhuette.de\/fwr\/wp-content\/uploads\/loks\/el105\/5_personenzug.jpg\" data-description=\"EL 105 vor einem Personenzug\" class=\"kb-gallery-item-link\"   role=\"button\" aria-haspopup=\"dialog\"><div class=\"kb-gal-image-radius\"><div class=\"kb-gallery-image-contain kadence-blocks-gallery-intrinsic kb-gallery-image-ratio-land32 kb-has-image-ratio-land32\" ><img loading=\"lazy\" decoding=\"async\" src=\"http:\/\/feldbahn-riedlhuette.de\/fwr\/wp-content\/uploads\/loks\/el105\/5_personenzug-1024x680.jpg\" width=\"800\" height=\"531\" alt=\"\" data-full-image=\"http:\/\/feldbahn-riedlhuette.de\/fwr\/wp-content\/uploads\/loks\/el105\/5_personenzug.jpg\" data-light-image=\"http:\/\/feldbahn-riedlhuette.de\/fwr\/wp-content\/uploads\/loks\/el105\/5_personenzug.jpg\" data-id=\"266\" class=\"wp-image-266\" srcset=\"http:\/\/feldbahn-riedlhuette.de\/fwr\/wp-content\/uploads\/loks\/el105\/5_personenzug-1024x680.jpg 1024w, http:\/\/feldbahn-riedlhuette.de\/fwr\/wp-content\/uploads\/loks\/el105\/5_personenzug-300x199.jpg 300w, http:\/\/feldbahn-riedlhuette.de\/fwr\/wp-content\/uploads\/loks\/el105\/5_personenzug-768x510.jpg 768w, http:\/\/feldbahn-riedlhuette.de\/fwr\/wp-content\/uploads\/loks\/el105\/5_personenzug-1536x1021.jpg 1536w, http:\/\/feldbahn-riedlhuette.de\/fwr\/wp-content\/uploads\/loks\/el105\/5_personenzug.jpg 2000w\" sizes=\"auto, (max-width: 800px) 100vw, 800px\" \/><\/div><div class=\"kadence-blocks-gallery-item__caption\">EL 105 vor einem Personenzug<\/div><\/div><\/a><\/figure><\/div><\/li><\/ul><\/div>\n\n\n<p><\/p>\n\n\n\n<figure class=\"wp-block-embed is-type-video is-provider-youtube wp-block-embed-youtube wp-embed-aspect-16-9 wp-has-aspect-ratio\"><div class=\"wp-block-embed__wrapper\">\n<iframe loading=\"lazy\" title=\"Feldbahn Riedlh\u00fctte am 04. und 05.09.2021\" width=\"800\" height=\"450\" src=\"https:\/\/www.youtube.com\/embed\/-7DX4fuIUO8?feature=oembed\" frameborder=\"0\" allow=\"accelerometer; autoplay; clipboard-write; encrypted-media; gyroscope; picture-in-picture; web-share\" allowfullscreen><\/iframe>\n<\/div><\/figure>\n","protected":false},"excerpt":{"rendered":"<p>Lok Nr. 3 ist betriebsbereit. Technische Daten Geschichte 23.07.1935 Walter Wei\u00df, M\u00fcnchenTorfwerk Patzer KG, Waldenburg &#8211; Reichermoos1984 IG Deutsche Feld-<\/p>\n","protected":false},"author":1,"featured_media":0,"parent":0,"menu_order":0,"comment_status":"closed","ping_status":"closed","template":"","meta":{"cybocfi_hide_featured_image":"","footnotes":""},"class_list":["post-148","page","type-page","status-publish","hentry"],"_links":{"self":[{"href":"http:\/\/feldbahn-riedlhuette.de\/fwr\/wp-json\/wp\/v2\/pages\/148","targetHints":{"allow":["GET"]}}],"collection":[{"href":"http:\/\/feldbahn-riedlhuette.de\/fwr\/wp-json\/wp\/v2\/pages"}],"about":[{"href":"http:\/\/feldbahn-riedlhuette.de\/fwr\/wp-json\/wp\/v2\/types\/page"}],"author":[{"embeddable":true,"href":"http:\/\/feldbahn-riedlhuette.de\/fwr\/wp-json\/wp\/v2\/users\/1"}],"replies":[{"embeddable":true,"href":"http:\/\/feldbahn-riedlhuette.de\/fwr\/wp-json\/wp\/v2\/comments?post=148"}],"version-history":[{"count":8,"href":"http:\/\/feldbahn-riedlhuette.de\/fwr\/wp-json\/wp\/v2\/pages\/148\/revisions"}],"predecessor-version":[{"id":681,"href":"http:\/\/feldbahn-riedlhuette.de\/fwr\/wp-json\/wp\/v2\/pages\/148\/revisions\/681"}],"wp:attachment":[{"href":"http:\/\/feldbahn-riedlhuette.de\/fwr\/wp-json\/wp\/v2\/media?parent=148"}],"curies":[{"name":"wp","href":"https:\/\/api.w.org\/{rel}","templated":true}]}}