{"id":40,"date":"2023-06-11T17:18:28","date_gmt":"2023-06-11T15:18:28","guid":{"rendered":"http:\/\/feldbahn-riedlhuette.de\/fwr\/?page_id=40"},"modified":"2025-10-29T09:07:36","modified_gmt":"2025-10-29T08:07:36","slug":"der-verein","status":"publish","type":"page","link":"https:\/\/feldbahn-riedlhuette.de\/fwr\/der-verein\/","title":{"rendered":"Der Verein"},"content":{"rendered":"\n<p>Die Feld- und Waldbahn Riedlh\u00fctte wird von uns, einem kleinen eingetragenen Verein mit ca. 30 Mitgliedern, aufgebaut und betrieben. Wir haben uns die Aufgabe gestellt, die Feldbahn in ihrer urspr\u00fcnglichen und sehr einfachen Form aufzubauen und zu erhalten. Die Anlage und Fahrzeuge sollen interessierten Besuchern vorgef\u00fchrt werden. Dies geschieht an einigen festen Fahrtagen im Jahr.<\/p>\n\n\n\n<p>Seinen Anfang fand die Geschichte unseres Vereins bereits 1981, als einige Mitglieder an der Gr\u00fcndung eines Feldbahnvereins in F\u00fcrstenfeldbruck beteiligt waren. Wegen Platzmangel suchten sie nach einem gr\u00f6\u00dferen Domizil, was sie 1986 in Fr\u00e4nking (Landkreis Dachau) fanden. In einer 700 m\u00b2 gro\u00dfen Halle waren zeitweise 11 Lokomotiven und \u00fcber 60 Wagen beheimatet. Die Feldbahn Fr\u00e4nking e. V., so der damalige Name des Vereins, baute 1996 am Deutschen Museum auch eine 400 m lange Strecke auf und fuhr dort einen ganzen Sommer lang. Doch die hohe Pacht und die fehlende M\u00f6glichkeit, in Fr\u00e4nking eine l\u00e4ngere Strecke zu errichten, lie\u00df den Verein nach einem neuen Gel\u00e4nde suchen.<\/p>\n\n\n<style>.wp-block-kadence-advancedgallery .kb-gallery-type-masonry.kb-gallery-id-40_f85c44-80{margin:-5px;}.kb-gallery-type-masonry.kb-gallery-id-40_f85c44-80 .kadence-blocks-gallery-item{padding:5px;}.kb-gallery-id-40_f85c44-80 .kadence-blocks-gallery-item .kb-gal-image-radius, .kb-gallery-id-40_f85c44-80 .kb-slide-item .kb-gal-image-radius img{border-radius:0px 0px 0px 0px;;}.kb-gallery-caption-style-bottom.kb-gallery-id-40_f85c44-80 .kadence-blocks-gallery-item .kadence-blocks-gallery-item-inner .kadence-blocks-gallery-item__caption, .kb-gallery-caption-style-bottom-hover.kb-gallery-id-40_f85c44-80 .kadence-blocks-gallery-item .kadence-blocks-gallery-item-inner .kadence-blocks-gallery-item__caption{background:linear-gradient(0deg, rgba(0, 0, 0, 0.8) 0, rgba(0, 0, 0, 0) 100%);}<\/style><div class=\"kb-gallery-wrap-id-40_f85c44-80 alignnone wp-block-kadence-advancedgallery\"><ul class=\"kb-gallery-ul kb-gallery-non-static kb-gallery-type-masonry kb-masonry-init kb-gallery-id-40_f85c44-80 kb-gallery-caption-style-bottom-hover kb-gallery-filter-none kb-gallery-magnific-init\" data-image-filter=\"none\" data-item-selector=\".kadence-blocks-gallery-item\" data-lightbox-caption=\"true\" data-columns-xxl=\"3\" data-columns-xl=\"3\" data-columns-md=\"3\" data-columns-sm=\"2\" data-columns-xs=\"1\" data-columns-ss=\"1\"><li class=\"kadence-blocks-gallery-item\"><div class=\"kadence-blocks-gallery-item-inner\"><figure class=\"kb-gallery-figure kb-gallery-item-has-link kadence-blocks-gallery-item-has-caption\"><a href=\"http:\/\/feldbahn-riedlhuette.de\/fwr\/wp-content\/uploads\/fraenking\/gelaende_edited-1.jpg\" data-description=\"Unser ehemaliges Gel\u00e4nde in Fr\u00e4nking\" class=\"kb-gallery-item-link\"   role=\"button\" aria-haspopup=\"dialog\"><div class=\"kb-gal-image-radius\" style=\"max-width:1000px;\"><div class=\"kb-gallery-image-contain kadence-blocks-gallery-intrinsic\" style=\"padding-bottom:66%;\"><img loading=\"lazy\" decoding=\"async\" src=\"http:\/\/feldbahn-riedlhuette.de\/fwr\/wp-content\/uploads\/fraenking\/gelaende_edited-1.jpg\" width=\"1000\" height=\"666\" alt=\"\" data-full-image=\"http:\/\/feldbahn-riedlhuette.de\/fwr\/wp-content\/uploads\/fraenking\/gelaende_edited-1.jpg\" data-light-image=\"http:\/\/feldbahn-riedlhuette.de\/fwr\/wp-content\/uploads\/fraenking\/gelaende_edited-1.jpg\" data-id=\"325\" class=\"wp-image-325\" srcset=\"https:\/\/feldbahn-riedlhuette.de\/fwr\/wp-content\/uploads\/fraenking\/gelaende_edited-1.jpg 1000w, https:\/\/feldbahn-riedlhuette.de\/fwr\/wp-content\/uploads\/fraenking\/gelaende_edited-1-300x200.jpg 300w, https:\/\/feldbahn-riedlhuette.de\/fwr\/wp-content\/uploads\/fraenking\/gelaende_edited-1-768x511.jpg 768w\" sizes=\"auto, (max-width: 1000px) 100vw, 1000px\" \/><\/div><div class=\"kadence-blocks-gallery-item__caption\">Unser ehemaliges Gel\u00e4nde in Fr\u00e4nking<\/div><\/div><\/a><\/figure><\/div><\/li><li class=\"kadence-blocks-gallery-item\"><div class=\"kadence-blocks-gallery-item-inner\"><figure class=\"kb-gallery-figure kb-gallery-item-has-link kadence-blocks-gallery-item-has-caption\"><a href=\"http:\/\/feldbahn-riedlhuette.de\/fwr\/wp-content\/uploads\/fraenking\/loks1994_edited.jpg\" data-description=\"Eine Diesellok von Loro &amp; Parisini\" class=\"kb-gallery-item-link\"   role=\"button\" aria-haspopup=\"dialog\"><div class=\"kb-gal-image-radius\" style=\"max-width:796px;\"><div class=\"kb-gallery-image-contain kadence-blocks-gallery-intrinsic\" style=\"padding-bottom:66%;\"><img loading=\"lazy\" decoding=\"async\" src=\"http:\/\/feldbahn-riedlhuette.de\/fwr\/wp-content\/uploads\/fraenking\/loks1994_edited.jpg\" width=\"796\" height=\"531\" alt=\"\" data-full-image=\"http:\/\/feldbahn-riedlhuette.de\/fwr\/wp-content\/uploads\/fraenking\/loks1994_edited.jpg\" data-light-image=\"http:\/\/feldbahn-riedlhuette.de\/fwr\/wp-content\/uploads\/fraenking\/loks1994_edited.jpg\" data-id=\"323\" class=\"wp-image-323\" srcset=\"https:\/\/feldbahn-riedlhuette.de\/fwr\/wp-content\/uploads\/fraenking\/loks1994_edited.jpg 796w, https:\/\/feldbahn-riedlhuette.de\/fwr\/wp-content\/uploads\/fraenking\/loks1994_edited-300x200.jpg 300w, https:\/\/feldbahn-riedlhuette.de\/fwr\/wp-content\/uploads\/fraenking\/loks1994_edited-768x512.jpg 768w\" sizes=\"auto, (max-width: 796px) 100vw, 796px\" \/><\/div><div class=\"kadence-blocks-gallery-item__caption\">Eine Diesellok von Loro &amp; Parisini<\/div><\/div><\/a><\/figure><\/div><\/li><li class=\"kadence-blocks-gallery-item\"><div class=\"kadence-blocks-gallery-item-inner\"><figure class=\"kb-gallery-figure kb-gallery-item-has-link kadence-blocks-gallery-item-has-caption\"><a href=\"http:\/\/feldbahn-riedlhuette.de\/fwr\/wp-content\/uploads\/fraenking\/zl114_edited.jpg\" data-description=\"Unsere ZL114\" class=\"kb-gallery-item-link\"   role=\"button\" aria-haspopup=\"dialog\"><div class=\"kb-gal-image-radius\" style=\"max-width:800px;\"><div class=\"kb-gallery-image-contain kadence-blocks-gallery-intrinsic\" style=\"padding-bottom:66%;\"><img loading=\"lazy\" decoding=\"async\" src=\"http:\/\/feldbahn-riedlhuette.de\/fwr\/wp-content\/uploads\/fraenking\/zl114_edited.jpg\" width=\"800\" height=\"533\" alt=\"\" data-full-image=\"http:\/\/feldbahn-riedlhuette.de\/fwr\/wp-content\/uploads\/fraenking\/zl114_edited.jpg\" data-light-image=\"http:\/\/feldbahn-riedlhuette.de\/fwr\/wp-content\/uploads\/fraenking\/zl114_edited.jpg\" data-id=\"324\" class=\"wp-image-324\" srcset=\"https:\/\/feldbahn-riedlhuette.de\/fwr\/wp-content\/uploads\/fraenking\/zl114_edited.jpg 800w, https:\/\/feldbahn-riedlhuette.de\/fwr\/wp-content\/uploads\/fraenking\/zl114_edited-300x200.jpg 300w, https:\/\/feldbahn-riedlhuette.de\/fwr\/wp-content\/uploads\/fraenking\/zl114_edited-768x512.jpg 768w\" sizes=\"auto, (max-width: 800px) 100vw, 800px\" \/><\/div><div class=\"kadence-blocks-gallery-item__caption\">Unsere ZL114<\/div><\/div><\/a><\/figure><\/div><\/li><\/ul><\/div>\n\n\n<p><\/p>\n\n\n\n<p>Nach \u00fcber 40 erfolglosen Besichtigungen fanden wir im Jahre 2002 in Riedlh\u00fctte eine neue Heimat. Der Umstand, dass in der n\u00e4heren Umgebung bereits vor vielen Jahren eine Waldbahn in 600 mm Spurweite betrieben wurde und das gro\u00dfz\u00fcgige Angebot der Gemeinde Sankt Oswald-Riedlh\u00fctte, uns das notwendige Gel\u00e4nde zur Verf\u00fcgung zu stellen, gab den Ausschlag f\u00fcr unseren Umzug in den Bayerischen Wald.<\/p>\n\n\n\n<p>In den folgenden Jahren wurde das gesamte Material von Fr\u00e4nking nach Riedlh\u00fctte transportiert, der Lokschuppen und unsere 1 km lange Strecke gebaut. Seit 2004 hei\u00dft unser Verein nun Feld- und Waldbahn Riedlh\u00fctte e. V..<\/p>\n\n\n<style>.wp-block-kadence-advancedgallery .kb-gallery-type-masonry.kb-gallery-id-40_0d239e-e9{margin:-5px;}.kb-gallery-type-masonry.kb-gallery-id-40_0d239e-e9 .kadence-blocks-gallery-item{padding:5px;}.kb-gallery-id-40_0d239e-e9 .kadence-blocks-gallery-item .kb-gal-image-radius, .kb-gallery-id-40_0d239e-e9 .kb-slide-item .kb-gal-image-radius img{border-radius:0px 0px 0px 0px;;}.kb-gallery-caption-style-bottom.kb-gallery-id-40_0d239e-e9 .kadence-blocks-gallery-item .kadence-blocks-gallery-item-inner .kadence-blocks-gallery-item__caption, .kb-gallery-caption-style-bottom-hover.kb-gallery-id-40_0d239e-e9 .kadence-blocks-gallery-item .kadence-blocks-gallery-item-inner .kadence-blocks-gallery-item__caption{background:linear-gradient(0deg, rgba(0, 0, 0, 0.8) 0, rgba(0, 0, 0, 0) 100%);}<\/style><div class=\"kb-gallery-wrap-id-40_0d239e-e9 alignnone wp-block-kadence-advancedgallery\"><ul class=\"kb-gallery-ul kb-gallery-non-static kb-gallery-type-masonry kb-masonry-init kb-gallery-id-40_0d239e-e9 kb-gallery-caption-style-bottom-hover kb-gallery-filter-none kb-gallery-magnific-init\" data-image-filter=\"none\" data-item-selector=\".kadence-blocks-gallery-item\" data-lightbox-caption=\"true\" data-columns-xxl=\"3\" data-columns-xl=\"3\" data-columns-md=\"3\" data-columns-sm=\"2\" data-columns-xs=\"1\" data-columns-ss=\"1\"><li class=\"kadence-blocks-gallery-item\"><div class=\"kadence-blocks-gallery-item-inner\"><figure class=\"kb-gallery-figure kb-gallery-item-has-link kadence-blocks-gallery-item-has-caption\"><a href=\"http:\/\/feldbahn-riedlhuette.de\/fwr\/wp-content\/uploads\/riedlhuette\/s-kurve_edited.jpg\" data-description=\"Gleisbauarbeiten an den Sportpl\u00e4tzen\" class=\"kb-gallery-item-link\"   role=\"button\" aria-haspopup=\"dialog\"><div class=\"kb-gal-image-radius\" style=\"max-width:900px;\"><div class=\"kb-gallery-image-contain kadence-blocks-gallery-intrinsic\" style=\"padding-bottom:66%;\"><img loading=\"lazy\" decoding=\"async\" src=\"http:\/\/feldbahn-riedlhuette.de\/fwr\/wp-content\/uploads\/riedlhuette\/s-kurve_edited.jpg\" width=\"900\" height=\"600\" alt=\"\" data-full-image=\"http:\/\/feldbahn-riedlhuette.de\/fwr\/wp-content\/uploads\/riedlhuette\/s-kurve_edited.jpg\" data-light-image=\"http:\/\/feldbahn-riedlhuette.de\/fwr\/wp-content\/uploads\/riedlhuette\/s-kurve_edited.jpg\" data-id=\"327\" class=\"wp-image-327\" srcset=\"https:\/\/feldbahn-riedlhuette.de\/fwr\/wp-content\/uploads\/riedlhuette\/s-kurve_edited.jpg 900w, https:\/\/feldbahn-riedlhuette.de\/fwr\/wp-content\/uploads\/riedlhuette\/s-kurve_edited-300x200.jpg 300w, https:\/\/feldbahn-riedlhuette.de\/fwr\/wp-content\/uploads\/riedlhuette\/s-kurve_edited-768x512.jpg 768w\" sizes=\"auto, (max-width: 900px) 100vw, 900px\" \/><\/div><div class=\"kadence-blocks-gallery-item__caption\">Gleisbauarbeiten an den Sportpl\u00e4tzen<\/div><\/div><\/a><\/figure><\/div><\/li><li class=\"kadence-blocks-gallery-item\"><div class=\"kadence-blocks-gallery-item-inner\"><figure class=\"kb-gallery-figure kb-gallery-item-has-link kadence-blocks-gallery-item-has-caption\"><a href=\"http:\/\/feldbahn-riedlhuette.de\/fwr\/wp-content\/uploads\/riedlhuette\/gleisbau-badeweiher_edited.jpg\" data-description=\"Streckenabschnitt Richtung Krummwiese\" class=\"kb-gallery-item-link\"   role=\"button\" aria-haspopup=\"dialog\"><div class=\"kb-gal-image-radius\" style=\"max-width:800px;\"><div class=\"kb-gallery-image-contain kadence-blocks-gallery-intrinsic\" style=\"padding-bottom:66%;\"><img loading=\"lazy\" decoding=\"async\" src=\"http:\/\/feldbahn-riedlhuette.de\/fwr\/wp-content\/uploads\/riedlhuette\/gleisbau-badeweiher_edited.jpg\" width=\"800\" height=\"533\" alt=\"\" data-full-image=\"http:\/\/feldbahn-riedlhuette.de\/fwr\/wp-content\/uploads\/riedlhuette\/gleisbau-badeweiher_edited.jpg\" data-light-image=\"http:\/\/feldbahn-riedlhuette.de\/fwr\/wp-content\/uploads\/riedlhuette\/gleisbau-badeweiher_edited.jpg\" data-id=\"326\" class=\"wp-image-326\" srcset=\"https:\/\/feldbahn-riedlhuette.de\/fwr\/wp-content\/uploads\/riedlhuette\/gleisbau-badeweiher_edited.jpg 800w, https:\/\/feldbahn-riedlhuette.de\/fwr\/wp-content\/uploads\/riedlhuette\/gleisbau-badeweiher_edited-300x200.jpg 300w, https:\/\/feldbahn-riedlhuette.de\/fwr\/wp-content\/uploads\/riedlhuette\/gleisbau-badeweiher_edited-768x512.jpg 768w\" sizes=\"auto, (max-width: 800px) 100vw, 800px\" \/><\/div><div class=\"kadence-blocks-gallery-item__caption\">Streckenabschnitt Richtung Krummwiese<\/div><\/div><\/a><\/figure><\/div><\/li><li class=\"kadence-blocks-gallery-item\"><div class=\"kadence-blocks-gallery-item-inner\"><figure class=\"kb-gallery-figure kb-gallery-item-has-link kadence-blocks-gallery-item-has-caption\"><a href=\"http:\/\/feldbahn-riedlhuette.de\/fwr\/wp-content\/uploads\/riedlhuette\/lokschuppen2.jpg\" data-description=\"Unser Gel\u00e4nde heute\" class=\"kb-gallery-item-link\"   role=\"button\" aria-haspopup=\"dialog\"><div class=\"kb-gal-image-radius\" style=\"max-width:1024px;\"><div class=\"kb-gallery-image-contain kadence-blocks-gallery-intrinsic\" style=\"padding-bottom:66%;\"><img loading=\"lazy\" decoding=\"async\" src=\"http:\/\/feldbahn-riedlhuette.de\/fwr\/wp-content\/uploads\/riedlhuette\/lokschuppen2-1024x680.jpg\" width=\"1024\" height=\"680\" alt=\"\" data-full-image=\"http:\/\/feldbahn-riedlhuette.de\/fwr\/wp-content\/uploads\/riedlhuette\/lokschuppen2.jpg\" data-light-image=\"http:\/\/feldbahn-riedlhuette.de\/fwr\/wp-content\/uploads\/riedlhuette\/lokschuppen2.jpg\" data-id=\"312\" class=\"wp-image-312\" srcset=\"https:\/\/feldbahn-riedlhuette.de\/fwr\/wp-content\/uploads\/riedlhuette\/lokschuppen2-1024x680.jpg 1024w, https:\/\/feldbahn-riedlhuette.de\/fwr\/wp-content\/uploads\/riedlhuette\/lokschuppen2-300x199.jpg 300w, https:\/\/feldbahn-riedlhuette.de\/fwr\/wp-content\/uploads\/riedlhuette\/lokschuppen2-768x510.jpg 768w, https:\/\/feldbahn-riedlhuette.de\/fwr\/wp-content\/uploads\/riedlhuette\/lokschuppen2-1536x1021.jpg 1536w, https:\/\/feldbahn-riedlhuette.de\/fwr\/wp-content\/uploads\/riedlhuette\/lokschuppen2.jpg 2000w\" sizes=\"auto, (max-width: 1024px) 100vw, 1024px\" \/><\/div><div class=\"kadence-blocks-gallery-item__caption\">Unser Gel\u00e4nde heute<\/div><\/div><\/a><\/figure><\/div><\/li><\/ul><\/div>\n\n\n<p>Mehr zur Geschichte des Vereins finden Sie auf unserer <a href=\"http:\/\/www.feldbahn-riedlhuette.de\/Riedlhuette\/Vereinsbeschreibung\/website_Fuehrung_01Vereinschronik.htm\">alten Website<\/a>.<\/p>\n\n\n\n<p>Radio WebWelle, der Internetradio-Sender der TH Deggendorf, hat mit unserem damaligen Vorstand Gerhard Mack ein h\u00f6renswertes Interview aufgenommen:<\/p>\n\n\n\n<figure class=\"wp-block-audio\"><audio controls src=\"http:\/\/feldbahn-riedlhuette.de\/Presse\/Beitrag_EineAndereSchiene-FledUndWaldbahnRiedlhuette_Ausgabe_an_Verein.mp3\"><\/audio><\/figure>\n","protected":false},"excerpt":{"rendered":"<p>Die Feld- und Waldbahn Riedlh\u00fctte wird von uns, einem kleinen eingetragenen Verein mit ca. 30 Mitgliedern, aufgebaut und betrieben. Wir<\/p>\n","protected":false},"author":1,"featured_media":0,"parent":0,"menu_order":0,"comment_status":"closed","ping_status":"closed","template":"","meta":{"cybocfi_hide_featured_image":"","footnotes":""},"class_list":["post-40","page","type-page","status-publish","hentry"],"_links":{"self":[{"href":"https:\/\/feldbahn-riedlhuette.de\/fwr\/wp-json\/wp\/v2\/pages\/40","targetHints":{"allow":["GET"]}}],"collection":[{"href":"https:\/\/feldbahn-riedlhuette.de\/fwr\/wp-json\/wp\/v2\/pages"}],"about":[{"href":"https:\/\/feldbahn-riedlhuette.de\/fwr\/wp-json\/wp\/v2\/types\/page"}],"author":[{"embeddable":true,"href":"https:\/\/feldbahn-riedlhuette.de\/fwr\/wp-json\/wp\/v2\/users\/1"}],"replies":[{"embeddable":true,"href":"https:\/\/feldbahn-riedlhuette.de\/fwr\/wp-json\/wp\/v2\/comments?post=40"}],"version-history":[{"count":14,"href":"https:\/\/feldbahn-riedlhuette.de\/fwr\/wp-json\/wp\/v2\/pages\/40\/revisions"}],"predecessor-version":[{"id":1611,"href":"https:\/\/feldbahn-riedlhuette.de\/fwr\/wp-json\/wp\/v2\/pages\/40\/revisions\/1611"}],"wp:attachment":[{"href":"https:\/\/feldbahn-riedlhuette.de\/fwr\/wp-json\/wp\/v2\/media?parent=40"}],"curies":[{"name":"wp","href":"https:\/\/api.w.org\/{rel}","templated":true}]}}